ative of m**4/2 + m**3/6 + m**2/2 + 2*m. Let p be n(-1). Suppose 0 = 3*a - 12 - p. What is the units digit of a?
6
Suppose 0 = t + 6*a - 2*a - 5, -2*a + 15 = 3*t. Let g(m) = -m**2 - m + 5. Let b be g(t). Let u = -14 - b. What is the tens digit of u?
1
Suppose -30 = -4*v + 294. What is the units digit of v?
1
Let g be 11 + -14 + (-10)/(-2). Suppose -r - 4*r + 145 = 2*j, -g*j = 10. What is the units digit of r?
1
Suppose 0 = h - 3*h + 4. Suppose h*g - g = 44. Suppose -5*x - 27 = -3*v - 82, 0 = -4*x - 3*v + g. What is the tens digit of x?
1
Let r be -2*1*2/(-4). Let z be -2*(0 + r) - -7. Suppose -8 = -z*i + 4*i. What is the units digit of i?
8
Suppose -i + 1 = d, 2*d + 0*d + 4 = -4*i. What is the units digit of d/(0 + 0 + 2)?
2
What is the tens digit of (-3)/5*(-37 + 2)?
2
Let o(i) = -i**3 - 4*i**2 + 5*i + 6. Let p be o(-5). Suppose 388 = p*d + 100. What is the units digit of d?
8
Let y be 77/3 + 12/(-18). Suppose -6*p = -p - y. Let f = p - 4. What is the units digit of f?
1
Suppose -2*u + 135 = 19. What is the tens digit of u?
5
What is the tens digit of 86*(2 - 6/4)?
4
Suppose -346 - 584 = -5*r. What is the units digit of r?
6
Let q(d) = d**2 + 7*d - 4. Let i(h) = 6*h - 4. Let z(o) = -3*i(o) + 2*q(o). Let t be ((-3)/2 + 0)*-2. What is the units digit of z(t)?
0
Let w(h) = 0*h - 1 + 7*h - 6*h. Let l be w(1). What is the units digit of -1 + 1 + l + 1?
1
Suppose 9 = -s - 3*x, -5*s + 13 = -5*x - 2. Suppose 0*h + h - m = s, -3*h - 5*m = 0. Suppose -3*j - j + 12 = h. What is the units digit of j?
3
Let g(d) = d + 1. Let x be g(-2). Let t be (2/4)/(x/(-4)). Suppose t*n - 36 = -4*l, 10 = 3*n - 2*n - 2*l. What is the units digit of n?
4
Let g = 455 + -275. Suppose 0*f + g = 3*f. Suppose -4*m - 8 = -5*y - f, y = m - 12. What is the units digit of m?
8
Suppose r - 36 = -3*r. Suppose 2*l - 2 = -3*m + 4*m, l - 3*m + r = 0. Suppose 0 = 5*y - 0*y + l*g - 77, 21 = y + 2*g. What is the units digit of y?
3
Let i(o) = o**3 - 5*o**2 - 4*o - 12. Let y be i(6). Let v = y - -20. What is the tens digit of v?
2
Let n(m) = -m**3 - 7*m**2 - m - 4. Let s be n(-7). Suppose 6*u - 5 = 4*q + u, -2*q - 3*u + 25 = 0. Suppose -q*z = -s*z - 12. What is the units digit of z?
6
Let q(r) = -4*r + 12. What is the units digit of q(-4)?
8
Let r(a) = -a**2 - 1. Let o(v) = -5*v**2 - 4*v - 14. Let w(g) = o(g) - 6*r(g). Let d be w(6). What is the units digit of 0 - 2 - d*-1?
2
Suppose 7*i - 20 = 2*i. Let m = 2 + i. What is the units digit of m?
6
Let h = 108 + -59. What is the units digit of h?
9
Let a(i) = -9*i**3 - 3*i**2 - 2*i - 2. What is the units digit of a(-2)?
2
Suppose p + 4*s - 2 = 0, -p + 0*s + 4*s + 18 = 0. What is the units digit of p?
0
Suppose 3*s = -0*s. Suppose o + 0*o - 14 = s. What is the units digit of o?
4
What is the units digit of (-4)/(-12) + (1 - (-101)/3)?
5
Let z = 22 - 18. Suppose -4*l + 139 = 5*q, -7*q = -3*q + z. What is the tens digit of l?
3
Let q = 36 + -9. What is the units digit of q?
7
Suppose -4 = 2*v - 6. Suppose -5*r + 44 = k - 3*k, 2*r - 26 = 5*k. Let w = r - v. What is the units digit of w?
7
Suppose -12 = -2*w - 4. Suppose 10 = w*m - 6. Suppose -m*d = -6 - 10. What is the units digit of d?
4
Let r be ((-105)/25)/(1/(-5)). Suppose 0 = 5*l - 3*b - r - 1, -2*b = 4*l. Suppose -3*m + 3*u = -21, u + l + 1 = -m. What is the units digit of m?
2
Let y = -2 + 10. Suppose -3*r + 1 = -y. Let z = r - 1. What is the units digit of z?
2
Suppose 3*f + 583 = 5*m + 6*f, m - 114 = 2*f. What is the tens digit of m?
1
What is the tens digit of (1179/(-27))/((0 + 1)/(-3))?
3
Let m = 8 - 5. Let i = -8 - -13. Suppose -3*d + 2*d = i*c - 15, 2 = m*c + 2*d. What is the units digit of c?
4
Let w = 26 + -7. Suppose 2*h = m - 8, -4*m + w - 2 = -3*h. What is the units digit of m?
2
Suppose 2*s - 5*o - 55 - 61 = 0, 2*s - 3*o - 116 = 0. Suppose 3*b + 36 = 5*l - 35, -2*b = -4*l + s. What is the units digit of l?
6
Let l = 179 + -100. What is the units digit of l?
9
Let g be -2 + (-3)/(9/(-51)). Suppose -3*k + g = -0*k. What is the units digit of k?
5
Let n be 1/(3/(-6)*-1). Let x(u) = u + 0 + 1 + 4*u**2 - 3*u**n + u - 4*u**3. What is the units digit of x(-1)?
4
Suppose -a + 3*a + 4 = 0. Let l = 0 - a. Suppose h - 1 = l*k, 3*h + k = 2*k + 13. What is the units digit of h?
5
Let z(h) = -2 + h + 9 + 0 + 3. Let d = 0 - 8. What is the units digit of z(d)?
2
Suppose 2*y - 5 = 7*y. Let w be -5 + (-1 - -1) + y. Let z = w - -12. What is the units digit of z?
6
Suppose 0 = -c - 5, -3*n - 5*c + 330 = 2*n. What is the units digit of n?
1
Suppose 3*s + 4*j + 5 = 0, 3*s + 6 = 5*j + 19. Let p be (-27)/(-15) + s/5. Suppose -4*q + 2 + p = 0. What is the units digit of q?
1
Let y = 314 + -149. Suppose 0 = -6*i + 3*i + y. Suppose 4*v = -v + i. What is the units digit of v?
1
Suppose -5*d = 14 + 16. Let i(k) = -31*k + 3 + 5 + 32*k. What is the units digit of i(d)?
2
Let z(r) = -1 + r - 6*r - 4 + r. What is the tens digit of z(-4)?
1
Suppose -3*u = 79 - 250. Suppose -3*y - 5*k + 0*k + 23 = 0, -u = -5*y + k. What is the tens digit of y?
1
Let s = -29 - -60. What is the units digit of s?
1
Let c be 30/(-21)*14/(-2). Suppose 5*o = 6*o - c. What is the tens digit of o?
1
Suppose -c + 0*c = -123. What is the units digit of c?
3
Let g(q) = q**3 - q**2 - 2*q - 3. What is the units digit of g(3)?
9
Let v(t) = 12*t**2 + t + 1. Let u be v(-1). What is the tens digit of (-2)/(-8) - (-333)/u?
2
Let q be (-4)/(-1) - (2 - 0). Suppose 0 = -2*r - 2*s + 36, q*r + 0*s - 34 = -s. What is the tens digit of r?
1
Suppose 4*r - 320 = -2*x, r = -2*x - 0*r + 305. What is the units digit of x?
0
Let d(x) = x**3 + 7*x**2 + 6*x. What is the units digit of d(-5)?
0
Suppose -g + 2 + 0 = 0. Suppose -c + 60 = g*c. What is the tens digit of c?
2
What is the tens digit of 339/21 + (-2)/14?
1
Suppose 5*w - 31 = -j, -3*j + 4*w = -7*j + 92. Suppose -5*h + 2*h = -d + j, -3*d + 3*h = -75. What is the units digit of d?
7
Let c = 10 - 7. What is the units digit of 1*c/2*2?
3
Let o = 2 - -3. Suppose 10*l - 30 = o*l. Suppose -3*z - 33 = -l*z. What is the tens digit of z?
1
Let f(d) = d - 9. Let y be f(13). What is the units digit of 21/12 + (-3)/y?
1
Suppose -1584 = -7*f - 2*f. What is the tens digit of f?
7
Let x(t) = 21*t**2 - t. Let m be x(1). Let v = 0 + 11. Let o = m - v. What is the units digit of o?
9
Let s(w) = -w**3 + 2*w**2 + 2*w - 1. Let p be s(2). Let y = 8 - 1. Suppose 3*h + y = 5*a, -a - 3 = h - p*a. What is the units digit of h?
1
Suppose -175 = -4*c - 3. What is the units digit of c?
3
Let r be -2*((-1)/2 + -1). Suppose 80 = r*s - 40. What is the tens digit of s?
4
Let u = -12 - -8. Let o(g) = -10*g. Let s(l) = -3*l. Let y(d) = -4*o(d) + 14*s(d). What is the units digit of y(u)?
8
Let s(r) = -r**2 - 4*r + 5. Let x be s(-5). Suppose -2*b + 0*b + 8 = 0. Suppose x = 5*d + v + b - 10, 0 = 2*d - 4*v - 20. What is the units digit of d?
2
Let g = 50 - -346. What is the tens digit of g?
9
Let c(i) = -2*i**2 - 6*i**2 + 3 - 6*i + 9*i**2. What is the units digit of c(6)?
3
Let g(i) = i**2 - 6*i + 7. Let a be g(5). Suppose a*z + 2*b = -8, -z - 4 - 5 = 2*b. What is the units digit of z?
1
Let h(o) = o + 1. Let v be h(5). What is the units digit of (-2 - 11/(-3))*v?
0
What is the units digit of 1 - -147 - (-2 - 1)?
1
Let g(z) = -86*z - 3. What is the tens digit of g(-1)?
8
Let g = -108 + 251. What is the units digit of g?
3
Suppose 3*w - 15 = -0*w, 0 = -q + w - 1. What is the units digit of (-15)/2*q/(-3)?
0
Suppose -3*a + k = -348, -464 = 2*a - 6*a - k. What is the tens digit of a?
1
Let v(p) be the first derivative of -p**4/4 + 13*p**3/3 + 8*p**2 + 11*p - 8. What is the units digit of v(14)?
9
Suppose -19*k = -23*k + 612. What is the tens digit of k?
5
Let q(p) = 2*p**2 - 4*p - 3. Let v be 3/(-5)*(-8 - 2). What is the units digit of q(v)?
5
Let n(w) = -3*w + 7. What is the units digit of n(-5)?
2
Suppose -6*m + 2*m + 290 = -5*c, 2*c = 5*m - 354. What is the units digit of m?
0
Suppose -5 - 1 = -3*p, z = 3*p - 8. Let j = z - -30. What is the units digit of j?
8
Let x(s) = s**2 - 9*s + 4. What is the units digit of x(11)?
6
Suppose 2*n = 5*p + 27, 5*n - 5*p = 15 + 15. What is the units digit of n?
1
Let o(g) = g + g + g**2 - 4*g + 1. Let u(x) = 2*x**2 + 9*x - 3. Let q be u(-5). What is the units digit of o(q)?
1
Suppose -11*g + 378 + 29 